{"id":129,"date":"2020-09-22T00:04:06","date_gmt":"2020-09-22T00:04:06","guid":{"rendered":"http:\/\/www.valmoral.org\/site\/?page_id=129"},"modified":"2024-03-08T16:54:05","modified_gmt":"2024-03-08T16:54:05","slug":"nuestra-historia","status":"publish","type":"page","link":"https:\/\/valmoral.org\/site\/nuestra-historia\/","title":{"rendered":"Nuestra historia"},"content":{"rendered":"<div class=\"wpb-content-wrapper\"><p>[vc_row row_style=\u00bbfull-width\u00bb padding_size=\u00bbno-padding\u00bb][vc_column padding_size=\u00bbno-padding\u00bb][wyde_section_separator style=\u00bb3&#8243; background_color=\u00bb#ffffff\u00bb shape_color=\u00bbrgba(255,255,255,0.36)\u00bb][\/vc_column][\/vc_row][vc_row vertical_align=\u00bbmiddle\u00bb padding_size=\u00bbxl-padding\u00bb][vc_column][vc_single_image img_size=\u00bbmedium\u00bb alignment=\u00bbcenter\u00bb image=\u00bb301&#8243;][vc_empty_space][vc_column_text css=\u00bb.vc_custom_1605815839913{padding-right: 20% !important;padding-left: 20% !important;}\u00bb]<\/p>\n<p style=\"text-align: center;\">Valmoral fue fundada en el a\u00f1o dos mil ocho con misi\u00f3n de buscar el rescate y el fomento de los valores para extenderlos a la familia, la comunidad y el Estado. Buscando una sociedad donde los valores preserven el sentido de una ciudadan\u00eda consciente de su responsabilidad por el futuro de Honduras.<\/p>\n<p>[\/vc_column_text][vc_empty_space height=\u00bb60px\u00bb][vc_row_inner padding_size=\u00bbl-padding\u00bb][vc_column_inner width=\u00bb1\/2&#8243;][vc_video media_url=\u00bbhttps:\/\/www.youtube.com\/watch?v=7VVaMfHw2zI\u00bb el_class=\u00bbsombra_azul\u00bb][vc_empty_space][wyde_heading style=\u00bb10&#8243; text_align=\u00bbcenter\u00bb title=\u00bbHistoria\u00bb heading_color=\u00bb#2182c5&#8243; subheading=\u00bbNuestra\u00bb][\/vc_column_inner][vc_column_inner width=\u00bb1\/2&#8243;][vc_video media_url=\u00bbhttps:\/\/www.youtube.com\/watch?v=Qf0Yk72Du5o\u00bb el_class=\u00bbsombra_azul\u00bb][vc_empty_space][wyde_heading style=\u00bb10&#8243; text_align=\u00bbcenter\u00bb title=\u00bb\u00bfQui\u00e9nes Somos?\u00bb heading_color=\u00bb#2182c5&#8243; subheading=\u00bbVALMORAL\u00bb][\/vc_column_inner][\/vc_row_inner][\/vc_column][\/vc_row][vc_row row_style=\u00bbfull-width\u00bb padding_size=\u00bbno-padding\u00bb][vc_column padding_size=\u00bbno-padding\u00bb][wyde_section_separator style=\u00bb3&#8243; overlap=\u00bbbottom\u00bb background_color=\u00bb#ffffff\u00bb shape_color=\u00bbrgba(255,255,255,0.26)\u00bb][\/vc_column][\/vc_row][vc_row padding_size=\u00bbxl-padding\u00bb background_mode=\u00bbimage\u00bb background_overlay=\u00bbcolor\u00bb overlay_color=\u00bb#2182c5&#8243; overlay_opacity=\u00bb0.8&#8243; parallax=\u00bbparallax\u00bb background_color=\u00bb#2182c5&#8243; background_image=\u00bb180&#8243; bg_image_url=\u00bbhttps:\/\/valmoral.org\/site\/wp-content\/uploads\/2020\/09\/slide02-150&#215;150.jpg\u00bb][vc_column text_style=\u00bblight\u00bb][vc_empty_space height=\u00bb90px\u00bb][vc_row_inner][vc_column_inner width=\u00bb1\/3&#8243;][wyde_info_box icon=\u00bbfa fa-check-circle\u00bb icon_size=\u00bbmedium\u00bb color=\u00bb#ffffff\u00bb title=\u00bbMisi\u00f3n\u00bb]Somos una asociaci\u00f3n que busca el rescate y el fomento de los valores para extenderlos a la familia, la comunidad y el Estado.[\/wyde_info_box][\/vc_column_inner][vc_column_inner width=\u00bb1\/3&#8243;][wyde_info_box icon=\u00bbfa fa-eye\u00bb icon_size=\u00bbmedium\u00bb color=\u00bb#ffffff\u00bb title=\u00bbVisi\u00f3n\u00bb]Queremos una sociedad donde los valores preserven el sentido de una ciudadan\u00eda consciente de su responsabilidad para el futuro de Honduras.[\/wyde_info_box][\/vc_column_inner][vc_column_inner width=\u00bb1\/3&#8243;][wyde_info_box icon=\u00bbfa fa-flag-o\u00bb icon_size=\u00bbmedium\u00bb color=\u00bb#ffffff\u00bb title=\u00bbMetas\u00bb]Integrar la asignatura de \u00c9tica y Moral a los planes de estudios de los distintos niveles educativos. &#8211; Apoyar a los medios de comunicaci\u00f3n en el proceso de orientar sus mensajes bajo principios \u00e9ticos. &#8211; Celebrar eventos formativos regulares basados en temas de valores y moral.[\/wyde_info_box][\/vc_column_inner][\/vc_row_inner][vc_empty_space height=\u00bb60px\u00bb][\/vc_column][\/vc_row][vc_row row_style=\u00bbfull-width\u00bb padding_size=\u00bbno-padding\u00bb][vc_column padding_size=\u00bbno-padding\u00bb][wyde_section_separator style=\u00bb3&#8243; reflect=\u00bbreflect-h\u00bb background_color=\u00bb#e6c924&#8243; shape_color=\u00bbrgba(230,201,36,0.25)\u00bb][\/vc_column][\/vc_row][vc_row vertical_align=\u00bbmiddle\u00bb padding_size=\u00bbxl-padding\u00bb background_mode=\u00bbimage\u00bb background_style=\u00bbrepeat\u00bb background_position=\u00bbleft center\u00bb bg_image_url=\u00bbhttps:\/\/valmoral.org\/site\/wp-content\/uploads\/2020\/09\/bg_pattern_01-150&#215;150.jpg\u00bb background_image=\u00bb161&#8243; el_class=\u00bbbgx\u00bb background_color=\u00bb#e6c924&#8243;][vc_column padding_size=\u00bbm-padding\u00bb][vc_row_inner vertical_align=\u00bbmiddle\u00bb][vc_column_inner text_style=\u00bbcustom\u00bb width=\u00bb1\/2&#8243; text_color=\u00bb#000000&#8243; animation=\u00bbfadeInUp\u00bb][wyde_heading style=\u00bb10&#8243; title=\u00bbManifiesto\u00bb subheading=\u00bbVALMORAL\u00bb heading_color=\u00bbrgba(0,0,0,0.8)\u00bb][vc_column_text]<\/p>\n<h4>Si un dia \u2026<\/h4>\n<p>Y si un d\u00eda al salir de casa, no tenemos que ver si alguien nos persigue.<br \/>\nSi al llegar al trabajo, todos te saludan. Todos piden por favor y te dicen gracias.<br \/>\nTodos llegan a tiempo y hacen su trabajo con amor y responsabilidad.<br \/>\nSi un d\u00eda no buscamos la manera m\u00e1s r\u00e1pida de tener dinero.<br \/>\nSi tratamos de llegar temprano a casa, porque esa es la reuni\u00f3n m\u00e1s importante del d\u00eda.<br \/>\nSi un d\u00eda la honradez gana a la viveza y el compromiso vence a la individualidad.<br \/>\n\u00a1Ese d\u00eda puede ser Hoy!<br \/>\nHoy es el d\u00eda de vivir con principios y valores, y para ello hay que tener el valor de hacerlo y de dar el ejemplo. Hoy es el principio de muchas cosas buenas. Porque hoy es el d\u00eda en que todos vamos a levantar a nuestro querido pa\u00eds.<br \/>\nVALMORAL[\/vc_column_text][\/vc_column_inner][vc_column_inner width=\u00bb1\/2&#8243; animation=\u00bbfadeIn\u00bb animation_delay=\u00bb0.2&#8243;][vc_video media_url=\u00bbhttps:\/\/www.youtube.com\/watch?v=7VVaMfHw2zI\u00bb el_class=\u00bbsombra_naranja\u00bb][\/vc_column_inner][\/vc_row_inner][vc_empty_space height=\u00bb60px\u00bb][\/vc_column][\/vc_row]<\/p>\n<\/div>","protected":false},"excerpt":{"rendered":"<p>[vc_row row_style=\u00bbfull-width\u00bb padding_size=\u00bbno-padding\u00bb][vc_column padding_size=\u00bbno-padding\u00bb][wyde_section_separator style=\u00bb3&#8243; background_color=\u00bb#ffffff\u00bb shape_color=\u00bbrgba(255,255,255,0.36)\u00bb][\/vc_column][\/vc_row][vc_row vertical_align=\u00bbmiddle\u00bb padding_size=\u00bbxl-padding\u00bb][vc_column][vc_single_image img_size=\u00bbmedium\u00bb alignment=\u00bbcenter\u00bb image=\u00bb301&#8243;][vc_empty_space][vc_column_text css=\u00bb.vc_custom_1605815839913{padding-right: 20% !important;padding-left: 20% !important;}\u00bb] Valmoral fue fundada en el a\u00f1o dos mil ocho con misi\u00f3n de buscar el rescate y el fomento de los valores para extenderlos a la familia, la comunidad y el Estado. Buscando una sociedad donde los valores preserven [&hellip;]<\/p>\n","protected":false},"author":2,"featured_media":0,"parent":0,"menu_order":0,"comment_status":"closed","ping_status":"closed","template":"","meta":{"inline_featured_image":false,"advgb_blocks_editor_width":"","advgb_blocks_columns_visual_guide":"","pgc_sgb_lightbox_settings":"","footnotes":""},"class_list":["post-129","page","type-page","status-publish","hentry"],"coauthors":[],"author_meta":{"author_link":"https:\/\/valmoral.org\/site\/author\/admin\/","display_name":"admin"},"relative_dates":{"created":"Publicado 6 a\u00f1os hace","modified":"Actualizado 2 a\u00f1os hace"},"absolute_dates":{"created":"Publicado el 22 de septiembre de 2020","modified":"Actualizado el 8 de marzo de 2024"},"absolute_dates_time":{"created":"Publicado el 22 de septiembre de 2020 00:04","modified":"Actualizado el 8 de marzo de 2024 16:54"},"featured_img_caption":"","featured_img":false,"series_order":"","_links":{"self":[{"href":"https:\/\/valmoral.org\/site\/wp-json\/wp\/v2\/pages\/129","targetHints":{"allow":["GET"]}}],"collection":[{"href":"https:\/\/valmoral.org\/site\/wp-json\/wp\/v2\/pages"}],"about":[{"href":"https:\/\/valmoral.org\/site\/wp-json\/wp\/v2\/types\/page"}],"author":[{"embeddable":true,"href":"https:\/\/valmoral.org\/site\/wp-json\/wp\/v2\/users\/2"}],"replies":[{"embeddable":true,"href":"https:\/\/valmoral.org\/site\/wp-json\/wp\/v2\/comments?post=129"}],"version-history":[{"count":37,"href":"https:\/\/valmoral.org\/site\/wp-json\/wp\/v2\/pages\/129\/revisions"}],"predecessor-version":[{"id":1878,"href":"https:\/\/valmoral.org\/site\/wp-json\/wp\/v2\/pages\/129\/revisions\/1878"}],"wp:attachment":[{"href":"https:\/\/valmoral.org\/site\/wp-json\/wp\/v2\/media?parent=129"}],"curies":[{"name":"wp","href":"https:\/\/api.w.org\/{rel}","templated":true}]}}